*2 - 13*n + 13. Give h(z).
13
Let p = -5 + 97. Let h = -96 + p. Let o(l) be the third derivative of -l**4/24 - 7*l**3/6 + 4*l**2. Calculate o(h).
-3
Let p(i) = i**2 - 3*i + 2. Suppose 5*o - 50 = -3*q - 0*o, 2*q - 27 = 3*o. Let m be -10 + q + -1 + 0. Give p(m).
6
Let n(f) = f**2 - 8*f + 7. Let h(y) be the first derivative of -y**4/4 - 2*y**3/3 - y**2/2 + 4*y + 56. Let a be h(-2). Calculate n(a).
-5
Let m(j) = -j**2 + 9*j + 70. Let d be m(14). Suppose -5*u = -100 - 0. Suppose -6*x + 22 + u = d. Let s(i) = -i**3 + 8*i**2 - 9*i + 9. Calculate s(x).
-5
Let l = 546 + -540. Suppose l*v = 73 - 19. Let f(d) = -d**2 + 8*d + 10. Calculate f(v).
1
Let q(x) be the second derivative of -x**4/6 + 2*x**3/3 + 3*x**2/2 + 18*x. Let r be (-300)/1350*(-27)/2. Determine q(r).
-3
Let a(h) = -65 + 0*h - 65 + 129 + 3*h. Let k be 1 - 0 - 2 - 1. Determine a(k).
-7
Let i(r) = -r**2 - 2*r + 162. Let q(v) = 2*v**2 + 6*v - 486. Let s(w) = -8*i(w) - 3*q(w). Let c(j) be the first derivative of s(j). Give c(-2).
-10
Let t(o) = -2*o**3 + 29*o**2 - o. Let j(w) = -5*w**3 + 72*w**2 + 26*w + 65. Let g(k) = -j(k) + 2*t(k). Give g(16).
-1
Let l = -482 - -503. Let o(c) = -35 - 3*c + l - 6*c + 18. Calculate o(3).
-23
Suppose 0 = -84*x + 89*x - 350. Suppose 2*r + 4*i - 14 = x, 0 = 2*i + 10. Let l(h) = 4*h**2 - 4*h - 52 - 3*h**2 + r. Determine l(2).
-4
Let f(h) = -13*h + 16. Let s(d) = -2*d**3 - 5*d**2 + 22*d - 12. Let y be s(-5). Determine f(y).
-23
Let h be (60/300)/(1/(-20)). Let r(d) be the second derivative of d**4/6 + 2*d**3/3 - 7*d**2/2 - d. Give r(h).
9
Suppose z = -7, u + 2466*z - 35 = 2471*z. Let p(f) be the second derivative of u - 2*f**2 - 11*f - 1/20*f**5 + 7/6*f**3 + 5/12*f**4. Determine p(6).
2
Let u(m) = -13*m**2 + 140*m - 122. Let q(x) = -7*x**2 + 78*x - 64. Let g(b) = 11*q(b) - 6*u(b). Calculate g(-8).
-52
Let f(w) = w**3 + 11*w**2 + 9*w - 10. Let i(t) = t + 2. Let s be i(6). Suppose -4*n + 87 = z, 0 = 3*n - n + s. Let a = -113 + z. Calculate f(a).
0
Let k(f) = -4*f**2 - 75*f + 24. Let y be k(-19). Let q(s) = -2*s**2 + 5 + 5*s**2 - 51*s**3 - y*s**2 + s**2 + s + 50*s**3. Calculate q(0).
5
Let z(i) = i**3 + 15*i**2 - 14*i - 17. Let o(p) = -3*p**3 - 43*p**2 + 45*p + 51. Let b(m) = 3*o(m) + 8*z(m). Give b(-11).
6
Let n(v) = -v**3 + v**2 + 20. Suppose -6*p - 16 - 50 = 0. Let d be 200/1100 - (-1 + (-13)/p). Determine n(d).
20
Let i(u) = -u**2 - 3*u - 3. Let b(x) = 2*x - 52. Let l(a) = -4*a + 109. Let r(j) = 7*b(j) + 3*l(j). Let c be r(20). What is i(c)?
-21
Suppose -70*x + 252*x + 1020 = -328*x. Let h(m) = -18*m**2 - 5*m - 4. Determine h(x).
-66
Let w(k) = 15*k + 79. Let y(g) = 114*g + 633. Let i(f) = 31*w(f) - 4*y(f). What is i(10)?
7
Let r(t) be the first derivative of 94 - 3*t**3 - 200 + 0*t**2 + t**2 - t. Give r(1).
-8
Let d(r) = r**2 + 6*r + 9. Let a(q) = q**2 + 28*q + 167. Let m be a(-9). What is d(m)?
1
Suppose 0 = 4*i + 16 - 20. Let t(b) = -8*b**2 + b. Let y be t(i). Let n(l) = 6*l + 39. Let z be n(y). Let r(k) = -k**2 - 3*k. Give r(z).
0
Let l(v) be the third derivative of v**6/120 - 23*v**5/60 + 7*v**4/8 + 11*v**3/3 - 8*v**2 - 28. Calculate l(22).
0
Let o(g) = -27 - 29 + 437*g + 23 - 435*g. What is o(0)?
-33
Suppose -19 = -2*h - u - 45, -3*h = u + 38. Let y(s) = 10*s + 119. Give y(h).
-1
Let o(k) = 24*k - 8*k - 8*k - 5*k - 42. Let u be o(15). Let d(n) be the first derivative of 2*n**2 - n + 2. Calculate d(u).
11
Let j(t) = -t**3 - 6*t**2 - 6*t - 1. Suppose -4*m + i + 16 = -2*m, -2*i = 3*m - 17. Suppose -m*l + 97 = 132. What is j(l)?
4
Let t(d) be the third derivative of -d**4/6 + 44*d**3/3 + 7131*d**2. Give t(23).
-4
Let u(b) = -b**3 + 18*b**2 + 3*b + 12. Let s(r) = -2*r**3 + 35*r**2 + 5*r + 26. Let a(p) = -4*s(p) + 7*u(p). Calculate a(14).
-6
Let j = 2 + -4. Let s = -1 - j. Let l(n) = -118*n**3 + 4*n**2 - 32*n - 4. Let w(c) = 25*c**3 - c**2 + 7*c + 1. Let q(x) = 2*l(x) + 9*w(x). Give q(s).
-12
Let x(t) = -21*t**2 - t. Suppose 8*w = -124 + 188. Let d be ((-10)/2 + 3)*4/w. What is x(d)?
-20
Suppose -h = -27*z + 31*z, -9*h + 96 = 4*z. Let p(j) = -j**2 + 9*j - 2. Calculate p(h).
-38
Let d(k) = 3558 + 0*k - 6*k - 3531. Determine d(5).
-3
Let y(v) = -v**3 + 5*v**2 + 15*v - 4. Let i(d) = -d**3 - 12*d**2 - d - 6. Let t be i(-12). Let j(u) = -4*u**2 + 27*u - 11. Let a be j(t). What is y(a)?
3
Let q(b) = -3*b + 128 - 42 - 41 - 81 - 27. What is q(-16)?
-15
Let t(a) be the second derivative of a**3/6 - 12*a**2 + a + 1747. Calculate t(4).
-20
Let c(m) = 0*m**3 - 1 + 229*m**2 + 5*m - 125*m**2 - 102*m**2 - m**3. Give c(3).
5
Let g(x) be the first derivative of x**4/4 - 5*x**3/3 - 11*x**2 - 13*x + 8824. Determine g(8).
3
Let z(m) be the third derivative of m**5/5 + m**4/3 + m**3/6 - 6*m**2 - 2. Determine z(-1).
5
Let i(t) = 3*t**3 + 2*t**2 - 3*t - 2. Let w = -22 - -31. Suppose -c = 2*c - w. Suppose p + c*p + 8 = 0. Determine i(p).
-12
Let w(h) be the third derivative of h**4/24 + 2*h**3/3 - 2208*h**2 - 2*h. Give w(-9).
-5
Let d(a) = 24*a + 35. Suppose -24*r = -80*r + 19*r + 18*r. What is d(r)?
35
Suppose 16*t - 8 = 15*t - 5*g, 4*t - 5*g - 7 = 0. Let h(b) = -3 - 354483*b - b**t + 354483*b - 10*b**2. Suppose -3*f = -6*f + z - 30, -3*z = 0. Give h(f).
-3
Let x(d) be the third derivative of d**5/20 - 13*d**4/24 - 31*d**3/3 + 3*d**2 + 132*d. Give x(7).
-6
Let y = -20490 + 20490. Let h(z) = -3*z**3 - 3*z**2 + z - 7. Let n(s) = -7*s**3 - 7*s**2 + 3*s - 13. Let l(g) = -5*h(g) + 2*n(g). What is l(y)?
9
Let b(l) = 13*l**2 - 49*l + 15. Let w(o) = -83*o - 78*o - 7*o**2 + 187*o - 5 - 5 + 3. Let g(x) = -6*b(x) - 11*w(x). Determine g(10).
-33
Suppose 42 = -4*q + 134. Let b(s) = -s**3 + 11*s**2 - q*s**2 + 16*s**2. What is b(4)?
0
Let y(t) be the third derivative of -t**7/1680 - t**6/144 + 3*t**5/10 - 7*t**2 - 2*t. Let x(p) be the third derivative of y(p). Give x(-8).
19
Let x = -2 - -7. Let i = x - -3. Let n(d) = 6*d**2 - 49*d + 5. Let m(t) = 23*t**2 - 188*t + 20. Let k(z) = 5*m(z) - 19*n(z). Determine k(i).
-3
Let d(z) = -2*z - 1 - 11 + z**2 + 5*z**2 + 0*z**2 - 5*z**2. Calculate d(-8).
68
Let s(k) = -2*k**2 - 2*k + 1. Suppose -22 = -4*x + 134. Suppose h = 51 + x. Let v be (-5*(-12)/h)/((-2)/6). Give s(v).
-3
Let c be 7 - 2*(-2)/4. Let s be (-2)/c + (-3030)/(-24). Let a = -115 + s. Let z(i) = i**2 - 12*i + 11. What is z(a)?
0
Let b(c) = c + 5. Let g be b(4). Let j(h) = -245 + 124 + 124 + g*h. Let a(f) = -8*f - 2. Let s(t) = 6*a(t) + 5*j(t). What is s(-4)?
15
Suppose -7*l + 170 = -16 + 18. Let z(b) = 7*b - 179. Calculate z(l).
-11
Let k(f) = f - 2. Let r(l) = -5*l + 10. Let t(h) = 11*k(h) + 2*r(h). Suppose 16*o + 30 = 26*o. Let b(p) = -29*p + 92. Let z be b(o). Calculate t(z).
3
Let i(t) = -t**2 - t - 3. Let j(v) = v**2 + 12. Let a(p) = 2*i(p) + j(p). Determine a(-6).
-18
Let b(o) be the second derivative of -o**4/12 - 5*o**3/6 - 2*o**2 + 1723*o. Let t = 38 - 43. Give b(t).
-4
Let a be (38/(-76))/(((-3)/4)/3). Let p(o) = 81 + 0*o + 10*o**a - 2*o - o**3 - 67. What is p(10)?
-6
Suppose 0 = -3*c - 4 + 19. Let y(o) = -c*o**3 - 609 + 2*o - 6*o + 3*o**2 + 611 + o**3. Determine y(2).
-26
Let s(f) = f**3 + 4*f**2 + 4*f + 3. Let j = -25 - -39. Let v be 4/14 - (-10)/j. Let z be v/(-2)*5 + (-3)/6. Determine s(z).
0
Let i(l) = -17*l - 41 + 66 + 10*l + 10*l - 40. Calculate i(13).
24
Let t(i) = -i**3 - 4*i**2 + 5*i + 3. Let p(b) = 17*b - 69. Let r(n) = -8*n + 35. Let o(v) = 6*p(v) + 13*r(v). Let z be o(23). What is t(z)?
3
Let r be -4 - (-18)/5 - (-152)/5. Suppose -r*s + 32*s = 6. Let g be (s/2 + -1)*-2. Let u(d) = -7*d**2 + 1. What is u(g)?
-6
Let c(b) be the second derivative of 31*b**3/3 - 3*b**2 - 3077*b. What is c(-2)?
-130
Let d(s) = -s**2 + 4*s - 3. Suppose 5*l + 47 = 4*m, -4*m + 3*l - 25 = -66. Suppose -10*k - m = -12*k. Determine d(k).
-3
Suppose -5*j = -3*s - 111, -3*s + 2*s - 65 = -3*j. Let u(o) = -j*o + 19*o + 8*o - 5. Give u(2).
7
Let v(p) = 15*p + 13. Let k(x) = -4*x. Let m(d) = -12*k(d) - 4*v(d). Give m(-5).
8
Let w = 274 + -259. Suppose -14*b = -17*b - w. Let l(y) = 2*y + 5. What is l(b)?
-5
Suppose -7*d + 15*d = 0. Let s(u) = u**2 - 5*u - 23. Give s(d).
-23
Let r(k) = -k**3 + 3*k**2 - k + 2. Let w(c) = c**2. Let a(j) = -10*j + 55. Let n be a(6). Let l(q) = n*w(q) - r(q). Give l(8).
6
Let a(x) be the first derivative of -x**5/20 - x**4/12 + x**3/6 + 7*x**2 + 54*x - 43. Let z(i) be the first